st common divisor of 3852 and 163582884.
3852
What is the highest common divisor of 1308071 and 4023?
149
Calculate the greatest common factor of 33879972 and 812.
28
What is the highest common factor of 500161008 and 264?
24
What is the highest common divisor of 296 and 45937128?
296
Calculate the greatest common divisor of 9744339 and 99.
33
Calculate the greatest common divisor of 7176 and 9710688.
312
Calculate the highest common factor of 1042173 and 303105.
363
What is the greatest common factor of 315 and 93612855?
105
What is the greatest common divisor of 47311 and 13336136?
2783
Calculate the greatest common factor of 2484380 and 9860.
340
What is the highest common factor of 136210 and 1220?
10
What is the highest common factor of 5425758 and 2832?
354
What is the highest common factor of 1514838 and 27378?
78
What is the greatest common divisor of 9061157 and 2702?
1351
What is the greatest common factor of 721279 and 862303?
1469
What is the highest common divisor of 521937 and 4264716?
4461
What is the greatest common factor of 65 and 7212820?
5
What is the greatest common factor of 930852 and 457623?
459
Calculate the greatest common factor of 49153851 and 1377.
459
What is the highest common divisor of 58216 and 8968?
152
Calculate the greatest common factor of 77 and 23796047.
11
What is the highest common divisor of 307849 and 588479?
211
Calculate the highest common factor of 4725 and 5125869.
189
Calculate the highest common divisor of 3241968 and 45008.
464
What is the greatest common factor of 46472426 and 9352?
2338
Calculate the greatest common divisor of 83 and 135449194.
83
What is the greatest common factor of 7148517 and 153?
51
Calculate the highest common divisor of 2712 and 2345767.
113
What is the greatest common factor of 2163335 and 3689?
527
What is the greatest common factor of 644 and 2051623?
161
What is the highest common factor of 41328 and 29904?
336
Calculate the highest common divisor of 12559482 and 1404.
702
What is the greatest common divisor of 12408 and 750167?
517
What is the greatest common factor of 629 and 666077?
17
Calculate the highest common factor of 45 and 13887570.
15
What is the highest common factor of 46574153 and 489?
163
What is the greatest common factor of 4450 and 1302350?
50
What is the greatest common divisor of 157 and 103522?
1
Calculate the greatest common divisor of 90804650 and 15.
5
What is the highest common divisor of 351 and 990301?
13
Calculate the greatest common factor of 163167 and 1834293.
411
What is the highest common divisor of 20943 and 258731433?
1611
Calculate the highest common factor of 1653 and 3778701.
57
Calculate the highest common divisor of 87781025 and 50.
25
What is the highest common factor of 116544666 and 66?
6
What is the highest common factor of 363055 and 7241297?
6601
Calculate the greatest common factor of 28725 and 68025.
75
Calculate the greatest common divisor of 194053558 and 63594.
7066
What is the greatest common factor of 20484476 and 304?
4
Calculate the highest common factor of 399 and 242877.
57
Calculate the highest common factor of 345 and 5967557.
23
What is the greatest common divisor of 6314 and 3690?
82
Calculate the highest common factor of 1724 and 1652023.
431
Calculate the greatest common divisor of 404115 and 1524489.
2787
Calculate the greatest common divisor of 1792560 and 531560.
3880
Calculate the greatest common divisor of 27444 and 1264.
4
Calculate the highest common divisor of 23866420 and 145.
145
Calculate the greatest common factor of 895026 and 42482.
22
What is the highest common factor of 108 and 21634092?
36
Calculate the greatest common divisor of 77234 and 340034.
146
What is the greatest common factor of 10336 and 689654096?
5168
Calculate the greatest common factor of 66370648 and 8.
8
What is the greatest common divisor of 1064 and 174048721?
133
What is the highest common factor of 197512 and 23912?
56
Calculate the greatest common factor of 75724434 and 234.
18
Calculate the highest common divisor of 50 and 33487200.
50
What is the highest common factor of 23198778 and 38097?
459
What is the greatest common factor of 656 and 316807?
41
What is the greatest common factor of 486222 and 292083?
1749
What is the greatest common divisor of 10 and 14417915?
5
Calculate the highest common factor of 2071350848 and 448.
448
Calculate the greatest common factor of 19995 and 162153.
129
What is the greatest common factor of 20289183 and 12?
3
Calculate the greatest common factor of 8815 and 1160570.
215
What is the greatest common factor of 678 and 17639187?
339
Calculate the greatest common divisor of 744 and 49233239.
31
What is the highest common factor of 217008 and 2235429?
1233
What is the highest common divisor of 72618680 and 16?
8
What is the greatest common divisor of 6052418 and 4782?
1594
Calculate the greatest common factor of 4050 and 153608550.
150
What is the highest common divisor of 41 and 68646177?
41
Calculate the greatest common divisor of 133050240 and 28800.
5760
Calculate the greatest common factor of 477551591 and 33.
11
Calculate the greatest common divisor of 267 and 592119492.
267
What is the highest common factor of 148022004 and 1272?
636
Calculate the greatest common factor of 362 and 72769783.
181
What is the greatest common divisor of 74 and 12254659?
37
What is the highest common divisor of 5267220 and 15?
15
What is the greatest common factor of 48 and 108244?
4
What is the greatest common factor of 66722516 and 392?
196
What is the highest common divisor of 4494 and 61373274?
642
What is the highest common divisor of 1160801 and 12040133?
8473
What is the greatest common factor of 622 and 23499471?
311
Calculate the greatest common divisor of 148167253 and 15002.
7501
What is the greatest common divisor of 58015393 and 42396?
3533
What is the highest common divisor of 83 and 84333727?
83
What is the greatest common factor of 1280 and 53922080?
160
What is the highest common factor of 528586439 and 1013?
1013
What is the greatest common divisor of 2078 and 524260698?
2078
Calculate the greatest common factor of 2 and 62714017.
1
What is the greatest common factor of 856369232 and 64?
16
What is the greatest common divisor of 17722700 and 24800?
3100
Calculate the highest common factor of 21435770 and 460.
230
What is the highest common factor of 24240 and 482?
2
Calculate the greatest common factor of 673932 and 68586.
2982
What is the greatest common factor of 646 and 270753781?
323
What is the greatest common factor of 9534 and 64257571?
1589
Calculate the highest common factor of 1454769524 and 156.
52
Calculate the greatest common divisor of 519746760 and 208.
104
What is the greatest common divisor of 311018 and 4?
2
Calculate the greatest common factor of 65907 and 5216417.
2441
Calculate the highest common factor of 70389 and 188892.
891
What is the greatest common divisor of 15792491 and 836?
11
Calculate the greatest common factor of 89776543 and 3524.
881
Calculate the highest common divisor of 108569 and 2576896.
719
What is the highest common factor of 315 and 228507545?
35
Calculate the greatest common divisor of 44594 and 3472251.
2027
What is the highest common divisor of 40146476 and 3204?
356
Calculate the highest common divisor of 33428 and 830698.
122
Calculate the highest common factor of 15775116 and 12.
12
What is the highest common divisor of 13073 and 50283372?
769
Calculate the greatest common factor of 475 and 13960288.
19
What is the greatest common divisor of 445625 and 6901375?
3875
Calculate the greatest common divisor of 2101920 and 11040.
480
Calculate the greatest common divisor of 145118494 and 29.
29
Calculate the highest common divisor of 2104 and 437807684.
1052
What is the highest common factor of 189867 and 9880?
19
Calculate the highest common divisor of 659190 and 8022.
42
What is the highest common factor of 128425690 and 118980?
6610
What is the highest common factor of 67571 and 441?
49
Calculate the highest common factor of 230834 and 211422.
422
What is the highest common divisor of 1562 and 2191684?
22
What is the highest common divisor of 22572940 and 40?
20
Calculate the highest common factor of 1202 and 448275082.
1202